In base 11, what is 119950 - -23?
119973
In base 8, what is -1 - 3750145?
-3750146
In base 14, what is -3d + -16a5c6?
-16a625
In base 14, what is 10c - 135815?
-135707
In base 11, what is -1293316 - -2?
-1293314
In base 13, what is 2 - b278aa6?
-b278aa4
In base 2, what is -11011000000001 + -11101101011000?
-111000101011001
In base 3, what is 22212 + 110101221?
110201210
In base 5, what is -3430140 + -3004?
-3433144
In base 13, what is 42ac270 + 13?
42ac283
In base 14, what is 36 - 92a1?
-9269
In base 14, what is 40569 - 86?
404c3
In base 12, what is -5a635a - -16?
-5a6344
In base 12, what is 1 - 1844988?
-1844987
In base 10, what is -3 - 33999383?
-33999386
In base 16, what is -bc07ca7 - 1?
-bc07ca8
In base 8, what is 31162 - -10230?
41412
In base 7, what is 35266045 + 1?
35266046
In base 15, what is 49283c - -2?
49283e
In base 13, what is -14a05b55 + 0?
-14a05b55
In base 4, what is -32131300132100 - 10?
-32131300132110
In base 8, what is 11660 - 12454?
-574
In base 9, what is 8017232 + 5?
8017237
In base 2, what is 100000 + -10011100111110100000?
-10011100111110000000
In base 8, what is 3 + 51454525?
51454530
In base 8, what is 14746142656 + -3?
14746142653
In base 11, what is -67153a4a - -6?
-67153a44
In base 7, what is -1035 + -5625332?
-5626400
In base 5, what is 222321142 - -1004?
222322201
In base 14, what is -a8b - -188a5?
17c18
In base 8, what is -100 - -26164?
26064
In base 3, what is 21110 - -1102000200?
1102022010
In base 13, what is 19c4c72 + -4?
19c4c6b
In base 12, what is -36 - -426453?
426419
In base 11, what is -3 - -4526689?
4526686
In base 12, what is -4331 - -6427?
20b6
In base 14, what is 638 + -140ba?
-13882
In base 7, what is 2 - -421545353?
421545355
In base 4, what is 120 + 22333012223?
22333013003
In base 16, what is -9 + 5dc3e14?
5dc3e0b
In base 4, what is -12202200330 - 1?
-12202200331
In base 10, what is 336 - 37126?
-36790
In base 9, what is -44262226 - -5?
-44262221
In base 16, what is 28 - 165a?
-1632
In base 15, what is -6d7a + -118e?
-8019
In base 3, what is 110102011110 - -1012?
110102012122
In base 14, what is 1719 + -34b9?
-1ba0
In base 12, what is -4357102 + 4?
-43570ba
In base 6, what is 4 + 2132100200?
2132100204
In base 2, what is -110100010111 - 111101000110?
-1110001011101
In base 12, what is 161b515 + 1?
161b516
In base 6, what is 313 + 2424224?
2424541
In base 15, what is 2 - b836eb?
-b836e9
In base 14, what is -a + bcb9?
bcad
In base 8, what is 26511754 - -2?
26511756
In base 9, what is 365 + 227887?
228363
In base 10, what is 3 + 6319717?
6319720
In base 4, what is 1 + 2310213223?
2310213230
In base 15, what is 1 - c285d12?
-c285d11
In base 15, what is 14 - -149beb?
149c10
In base 8, what is -173511373 - -1?
-173511372
In base 16, what is 85 + -37966d?
-3795e8
In base 10, what is -14365290 - -10?
-14365280
In base 14, what is -3325 + -724b?
-a572
In base 2, what is 1100100 - -1001111101101000100?
1001111101110101000
In base 14, what is -12 + -d12551?
-d12563
In base 14, what is 3 + 1326716?
1326719
In base 13, what is -4 + -b56a4a?
-b56a51
In base 4, what is -123213222103220 - 2?
-123213222103222
In base 10, what is 79284 + -574?
78710
In base 6, what is -5 - -310520135?
310520130
In base 13, what is -1aa9823 + -5?
-1aa9828
In base 10, what is 16336906 + -16?
16336890
In base 13, what is 1300 + -395a?
-265a
In base 5, what is 2110340 - -1000?
2111340
In base 12, what is 1314 + -980?
554
In base 7, what is -1642341 + 35?
-1642303
In base 15, what is 37 + 36c6e?
36ca6
In base 7, what is -232432510 + -105?
-232432615
In base 10, what is -4 - -3770614?
3770610
In base 6, what is -242424344 + 1?
-242424343
In base 3, what is 100020 + 101201111121021?
101201111221111
In base 16, what is 1e7 - 6b8b3?
-6b6cc
In base 12, what is 5 - -3b441b1?
3b441b6
In base 16, what is -56cb - -10d?
-55be
In base 5, what is 20213224323 + 4?
20213224332
In base 8, what is -1420 - -54236?
52616
In base 10, what is 632 - -146779?
147411
In base 15, what is -1bd87 - 7e?
-1be16
In base 2, what is 1 - -101110111111111111011110?
101110111111111111011111
In base 2, what is 100001011001110001010000 + 100?
100001011001110001010100
In base 8, what is 1533 - 4650?
-3115
In base 10, what is 0 - 149221073?
-149221073
In base 4, what is 202203 + -1100232?
-232023
In base 5, what is 1421243210 + 11?
1421243221
In base 2, what is 11011101101000011 + 0?
11011101101000011
In base 13, what is -62c72 + -4c?
-62cc1
In base 2, what is -11100 + -11101100100001000001?
-11101100100001011101
In base 10, what is -13921094 - -3?
-13921091
In base 8, what is -32671051 - -5?
-32671044
In base 14, what is 29b64c - -d1?
29b73d
In base 9, what is 2 + -28237480?
-28237477
In base 12, what is -44b822 + -9?
-44b82b
In base 15, what is 54d9d3a - 2?
54d9d38
In base 16, what is -3 - -2d8286?
2d8283
In base 2, what is -1000001011010 + -1100000000010010001?
-1100001000011101011
In base 6, what is 1333501 - -114?
1334015
In base 8, what is -1 - -11234365?
11234364
In base 14, what is 835b + a2?
841d
In base 9, what is 6 + 16164833?
16164840
In base 4, what is -1023 + -1121110130?
-1121111213
In base 14, what is -26d3bc + -13?
-26d3d1
In base 5, what is -214323334 + 3323?
-214320011
In base 8, what is 54740 + 146?
55106
In base 11, what is 249248 - 85?
249173
In base 14, what is -2687 - 82b?
-30b4
In base 13, what is -18c57ac + -2?
-18c57b1
In base 15, what is -9098e + -409?
-90d98
In base 15, what is -100 + d2528?
d2428
In base 2, what is 10110010001111111101 + 110010000?
10110010010110001101
In base 13, what is 61 + -9976?
-9915
In base 15, what is -146c8 + b2?
-14616
In base 5, what is 3024001 + -3123?
3020323
In base 5, what is -322 - 1031103321?
-1031104143
In base 15, what is -3a8 + c62?
8a9
In base 4, what is 2021023223 + 33012?
2021122301
In base 4, what is 11 + -11030320100?
-11030320023
In base 3, what is 2120102 - 11122110211?
-11112220102
In base 16, what is -d41a + -a?
-d424
In base 15, what is b8 - 320002?
-31ee39
In base 9, what is 5 + -118788510?
-118788504
In base 8, what is 441414 - -450?
442064
In base 8, what is -5 + -53001136?
-53001143
In base 16, what is 219b9 + 88?
21a41
In base 3, what is -22120102011221101 - 0?
-22120102011221101
In base 15, what is -8 + -3864a7?
-3864b0
In base 11, what is -97 + 7403?
7317
In base 14, what is -d + 15c24c?
15c23d
In base 11, what is a0840 + -134?
a0707
In base 12, what is 19b4 + 1b971?
21765
In base 16, what is -1bdfeb - -5d?
-1bdf8e
In base 16, what is -1661 - -916?
-d4b
In base 3, what is -1010212122011 + 112110?
-1010212002201
In base 4, what is -310323003 - -20?
-310322323
In base 10, what is 38 + -2788315?
-2788277
In base 14, what is 3a090 - -1a7?
3a257
In base 16, what is 1db + -234e8?
-2330d
In base 13, what is -25ca + 3927?
132a
In base 12, what is 44 - -816099?
816121
In base 12, what is -6306 + 1670?
-4856
In base 11, what is 39558 + -983?
38685
In base 9, what is 154 + 13150462?
13150626
In base 6, what is -5411 - -154341?
144530
In base 6, what is -12014 + -2440214?
-2452232
In base 2, what is -100010001101101100111 + -101?
-100010001101101101100
In base 2, what is -10000 + -110001110011010011?
-110001110011100011
In base 11, what is 26a33 + -630?
26403
In base 9, what is 3 - -31726061?
31726064
In base 7, what is 22 + -52521651?
-52521626
In base 6, what is -4554511 - 24032?
-5022543
In base 7, what is 1466 - 2202201?
-2200402
In base 8, what is -10521252 - 55?
-10521327
In base 14, what is 4 + -1692c49?
-1692c45
In base 14, what is -2d + a72da?
a72ab
In base 16, what is b23a - 43?
b1f7
In base 4, what is -3 + 203110031313?
203110031310
In base 2, what is 11011101110100 + -10010100101?
11001011001111
In base 4, what is -11 - 1022012020032?
-1022012020103
In base 15, what is 5 + -98e6766?
-98e6761
In base 5, what is 204000 - -11301?
220301
In base 6, what is -54322240 + 10?
-54322230
In base 9, what is -88 - -573660?
573561
In base 16, what is -5 + -bcb163?
-bcb168
In base 5, what is -2424 + -1333320?
-1341244
In base 5, what is 0 - 12242433321?
-12242433321
In base 12, what is -2 + -2344092?
-2344094
In base 11, what is 5 + -13374153?
-13374149
In base 6, what is 2014422 + -5?
2014413
In base 3, what is 11 + 12122220212?
12122221000
In base 8, what is -4011 + -247347?
-253360
In base 3, w